135 is divided by 46.
43
What is the remainder when 214 is divided by 133?
81
Calculate the remainder when 96 is divided by 51.
45
Calculate the remainder when 441 is divided by 17.
16
What is the remainder when 202 is divided by 199?
3
Calculate the remainder when 230 is divided by 176.
54
What is the remainder when 128 is divided by 27?
20
What is the remainder when 20 is divided by 15?
5
What is the remainder when 909 is divided by 26?
25
Calculate the remainder when 838 is divided by 28.
26
Calculate the remainder when 2023 is divided by 8.
7
What is the remainder when 236 is divided by 226?
10
What is the remainder when 277 is divided by 121?
35
What is the remainder when 624 is divided by 230?
164
What is the remainder when 663 is divided by 235?
193
What is the remainder when 1025 is divided by 19?
18
What is the remainder when 2383 is divided by 53?
51
Calculate the remainder when 479 is divided by 53.
2
What is the remainder when 776 is divided by 6?
2
Calculate the remainder when 1808 is divided by 15.
8
Calculate the remainder when 434 is divided by 4.
2
What is the remainder when 822 is divided by 25?
22
Calculate the remainder when 1741 is divided by 845.
51
What is the remainder when 161 is divided by 33?
29
What is the remainder when 357 is divided by 12?
9
Calculate the remainder when 2144 is divided by 74.
72
Calculate the remainder when 33 is divided by 12.
9
What is the remainder when 221 is divided by 8?
5
Calculate the remainder when 4301 is divided by 1431.
8
What is the remainder when 558 is divided by 20?
18
What is the remainder when 415 is divided by 17?
7
What is the remainder when 3195 is divided by 39?
36
Calculate the remainder when 706 is divided by 101.
100
Calculate the remainder when 173 is divided by 3.
2
Calculate the remainder when 2344 is divided by 112.
104
Calculate the remainder when 171 is divided by 86.
85
Calculate the remainder when 12001 is divided by 6.
1
What is the remainder when 60 is divided by 21?
18
What is the remainder when 167 is divided by 113?
54
Calculate the remainder when 613 is divided by 111.
58
What is the remainder when 1365 is divided by 24?
21
What is the remainder when 182 is divided by 42?
14
Calculate the remainder when 602 is divided by 55.
52
Calculate the remainder when 2577 is divided by 153.
129
What is the remainder when 391 is divided by 47?
15
Calculate the remainder when 370 is divided by 206.
164
What is the remainder when 492 is divided by 45?
42
Calculate the remainder when 706 is divided by 79.
74
Calculate the remainder when 345 is divided by 29.
26
What is the remainder when 727 is divided by 14?
13
Calculate the remainder when 580 is divided by 109.
35
Calculate the remainder when 12643 is divided by 301.
1
Calculate the remainder when 36 is divided by 21.
15
Calculate the remainder when 70 is divided by 13.
5
What is the remainder when 178 is divided by 26?
22
What is the remainder when 134 is divided by 25?
9
What is the remainder when 391 is divided by 130?
1
Calculate the remainder when 627 is divided by 100.
27
What is the remainder when 312 is divided by 65?
52
What is the remainder when 273 is divided by 3?
0
Calculate the remainder when 120 is divided by 33.
21
What is the remainder when 1288 is divided by 421?
25
Calculate the remainder when 246 is divided by 42.
36
What is the remainder when 53 is divided by 20?
13
Calculate the remainder when 412 is divided by 5.
2
Calculate the remainder when 674 is divided by 52.
50
Calculate the remainder when 571 is divided by 20.
11
What is the remainder when 1664 is divided by 3?
2
What is the remainder when 260 is divided by 33?
29
Calculate the remainder when 781 is divided by 46.
45
What is the remainder when 2069 is divided by 5?
4
What is the remainder when 13125 is divided by 151?
139
What is the remainder when 217 is divided by 82?
53
What is the remainder when 4631 is divided by 19?
14
Calculate the remainder when 1563 is divided by 157.
150
What is the remainder when 242 is divided by 27?
26
What is the remainder when 3430 is divided by 88?
86
Calculate the remainder when 977 is divided by 89.
87
Calculate the remainder when 1138 is divided by 15.
13
Calculate the remainder when 128 is divided by 59.
10
What is the remainder when 424 is divided by 25?
24
What is the remainder when 338 is divided by 39?
26
What is the remainder when 593 is divided by 160?
113
Calculate the remainder when 154 is divided by 44.
22
What is the remainder when 98 is divided by 34?
30
Calculate the remainder when 1468 is divided by 98.
96
Calculate the remainder when 325 is divided by 61.
20
What is the remainder when 718 is divided by 90?
88
What is the remainder when 57 is divided by 40?
17
What is the remainder when 839 is divided by 357?
125
What is the remainder when 594 is divided by 85?
84
Calculate the remainder when 3408 is divided by 83.
5
Calculate the remainder when 7074 is divided by 25.
24
What is the remainder when 98 is divided by 20?
18
Calculate the remainder when 267 is divided by 25.
17
What is the remainder when 86 is divided by 15?
11
What is the remainder when 6461 is divided by 281?
279
Calculate the remainder when 595 is divided by 52.
23
What is the remainder when 315 is divided by 18?
9
What is the remainder when 4122 is divided by 25?
22
What is the remainder when 404 is divided by 51?
47
Calculate the remainder when 881 is divided by 6.
5
What is the remainder when 68 is divided by 38?
30
What is the remainder when 187 is divided by 81?
25
Calculate the remainder when 15994 is divided by 62.
60
What is the remainder when 7124 is divided by 95?
94
Calculate the remainder when 618 is divided by 152.
10
Calculate the remainder when 2264 is divided by 21.
17
What is the remainder when 3718 is divided by 62?
60
Calculate the remainder when 310 is divided by 35.
30
What is the remainder when 6665 is divided by 22?
21
Calculate the remainder when 1089 is divided by 110.
99
Calculate the remainder when 4241 is divided by 58.
7
What is the remainder when 239 is divided by 74?
17
What is the remainder when 417 is divided by 70?
67
What is the remainder when 11782 is divided by 5?
2
What is the remainder when 12143 is divided by 35?
33
What is the remainder when 1093 is divided by 14?
1
Calculate the remainder when 2883 is divided by 568.
43
What is the remainder when 479 is divided by 9?
2
What is the remainder when 1056 is divided by 20?
16
What is the remainder when 5582 is divided by 294?
290
What is the remainder when 183 is divided by 57?
12
Calculate the remainder when 806 is divided by 173.
114
Calculate the remainder when 81 is divided by 30.
21
What is the remainder when 122 is divided by 2?
0
Calculate the remainder when 124 is divided by 5.
4
What is the remainder when 1028 is divided by 20?
8
What is the remainder when 466 is divided by 462?
4
What is the remainder when 46 is divided by 16?
14
Calculate the remainder when 76 is divided by 20.
16
Calculate the remainder when 273 is divided by 207.
66
What is the remainder when 380 is divided by 15?
5
Calculate the remainder when 207 is divided by 85.
37
Calculate the remainder when 84 is divided by 53.
31
Calculate the remainder when 148 is divided by 15.
13
What is the remainder when 672 is divided by 113?
107
What is the remainder when 9879 is divided by 52?
51
What is the remainder when 298 is divided by 20?
18
What is the remainder when 383 is divided by 7?
5
Calculate the remainder when 343 is divided by 70.
63
Calculate the remainder when 43 is divided by 32.
11
What is the remainder when 130 is divided by 25?
5
Calculate the remainder when 117 is divided by 24.
21
What is the remainder when 611 is divided by 47?
0
Calculate the remainder when 132 is divided by 20.
12
Calculate the remainder when 807 is divided by 268.
3
What is the remainder when 300 is divided by 92?
24
Calculate the remainder when 48 is divided by 10.
8
What is the remainder when 198 is divided by 29?
24
Calculate the remainder when 1536 is divided by 129.
117
Calculate the remainder when 4350 is divided by 36.
30
What is the remainder when 188 is divided by 20?
8
What is the remainder when 19088 is divided by 101?
100
What is the remainder when 4014 is divided by